{"id":54,"date":"2018-03-29T15:57:07","date_gmt":"2018-03-29T15:57:07","guid":{"rendered":"http:\/\/themes.webdevia.com\/backhoe-heavy-construction-equipment-rentals-machinery-wordpress-theme\/shop\/"},"modified":"2023-02-13T10:03:41","modified_gmt":"2023-02-13T10:03:41","slug":"shop","status":"publish","type":"page","link":"https:\/\/nordvang.no\/?page_id=54","title":{"rendered":"Produsenter"},"content":{"rendered":"<section class=\"wpb-content-wrapper\"><p>[vc_row][vc_column]\r\n    <div class=\"wd_empty_space\" data-heightmobile=\"15\" \r\n      data-heighttablet=\"15\" data-heightdesktop=\"15\"\r\n      style=\"height: 15px;\" >\r\n    <\/div>\r\n\r\n    [\/vc_column][\/vc_row][vc_row][vc_column width=&raquo;1\/5&#8243;][vc_single_image image=&raquo;5580&#8243; img_size=&raquo;full&raquo; alignment=&raquo;center&raquo; link=&raquo;https:\/\/nordvang.no\/?page_id=54#broddson&raquo; onclick=&raquo;custom_link&raquo;][\/vc_column][vc_column width=&raquo;1\/5&#8243;][vc_single_image image=&raquo;5596&#8243; img_size=&raquo;full&raquo; alignment=&raquo;center&raquo; link=&raquo;https:\/\/nordvang.no\/?page_id=54#gtx&raquo; onclick=&raquo;custom_link&raquo;][\/vc_column][vc_column width=&raquo;1\/5&#8243;][vc_single_image image=&raquo;5575&#8243; img_size=&raquo;full&raquo; alignment=&raquo;center&raquo; link=&raquo;https:\/\/nordvang.no\/?page_id=54#holms&raquo; onclick=&raquo;custom_link&raquo;][\/vc_column][vc_column width=&raquo;1\/5&#8243;][vc_single_image image=&raquo;5592&#8243; img_size=&raquo;full&raquo; alignment=&raquo;center&raquo; link=&raquo;https:\/\/nordvang.no\/?page_id=54#paus&raquo; onclick=&raquo;custom_link&raquo;][\/vc_column][vc_column width=&raquo;1\/5&#8243;][vc_single_image image=&raquo;5625&#8243; img_size=&raquo;full&raquo; alignment=&raquo;center&raquo; link=&raquo;https:\/\/nordvang.no\/?page_id=54#ceg&raquo; onclick=&raquo;custom_link&raquo;][\/vc_column][\/vc_row][vc_row][vc_column]<div class='wd_empty_space' data-heightmobile='30' data-heighttablet='70' data-heightdesktop='150'\r\n \t\t\t\t\t\tstyle='height:150px' ><\/div><div class=\"wd-heading text-left  \" style=\"max-width: 100%\" >\r\n\t\r\n\t\t\r\n\t\t<h2 style=\"margin:0;\" class=\"title_a\">\r\n\t\tV\u00e5re produsenter\t\t<\/h2>\r\n\r\n\t\t\t\t\t\t\t<p style=\"\" class=\"sub_title_a\">\r\n\t\t\tHer er en liste over v\u00e5re produsenter, trykk p\u00e5 logo for \u00e5 bli vidresendt til hjemmesiden deres og ta en titt p\u00e5 utvalget\t\t\t<\/p>\r\n\t\t\t\t<hr class='hr_a' style=' margin: 10px;'\/>\r\n\t\t<\/div>\r\n\t<div class='wd_empty_space' data-heightmobile='67' data-heighttablet='67' data-heightdesktop='67'\r\n\t\tstyle='height:67px' ><\/div>[\/vc_column][\/vc_row][vc_row][vc_column width=&raquo;1\/2&#8243;][vc_single_image image=&raquo;5580&#8243; img_size=&raquo;large&raquo; alignment=&raquo;center&raquo; css=&raquo;.vc_custom_1676281767869{padding-top: 120px !important;}&raquo; el_id=&raquo;broddson&raquo;][\/vc_column][vc_column width=&raquo;1\/2&#8243;][vc_column_text]<\/p>\n<h3>Broddson<\/h3>\n<p>&nbsp;<\/p>\n<p>Vi p\u00e5 Broddson \u00e4r den ledande akt\u00f6ren inom sopmaskiner och utrustning f\u00f6r v\u00e4gunderh\u00e5ll p\u00e5 den svenska marknaden. V\u00e5rt goda rykte har \u00e4ven spridit sig utanf\u00f6r landets gr\u00e4nser. Delar av v\u00e5r produktion g\u00e5r p\u00e5 export, fr\u00e4mst till v\u00e5ra nordiska grannl\u00e4nder, men \u00e4ven s\u00e5 l\u00e5ngv\u00e4ga som till Afrika och Mellersta \u00d6stern. Det \u00e4r vi mycket stolta \u00f6ver.<\/p>\n<p>Produktutveckling och goda relationer<\/p>\n<p>Genom m\u00e5ng\u00e5rig erfarenhet har l\u00e4rt oss att lyssna p\u00e5 kunderna. Vilka uppgifter ska l\u00f6sas? Hur tillverkar vi effektivare, mer ergonomiska och mer milj\u00f6v\u00e4nliga maskiner?<br \/>\nV\u00e5ra kunders kravspecifikationer ligger till grund f\u00f6r stora delar av v\u00e5r produktutveckling.[\/vc_column_text][\/vc_column][\/vc_row][vc_row][vc_column width=&raquo;1\/2&#8243;][vc_column_text]<\/p>\n<h3>CONTAINEX<\/h3>\n<p>&nbsp;<\/p>\n<p>N\u00e5r vi fremstiller v\u00e5re roml\u00f8sninger, stoler vi p\u00e5 v\u00e5r egen produksjon. V\u00e5re europeiske fabrikker er grunnlaget for dette. Langsiktig samarbeid, en fremtidsrettet teknologisk standard og mange tiltak for kvalitetssikring, garanterer en produksjon i utpr\u00f8vd CONTAINEX-kvalitet. Vi legger ekstra stor vekt p\u00e5 \u00e5 overholde strenge milj\u00f8- og kvalitetsstandarder. Disse er sammenfattet i v\u00e5rt sertifikat CONTAINEX GREEN technology.<\/p>\n<p>[\/vc_column_text][\/vc_column][vc_column width=&raquo;1\/2&#8243;][vc_single_image image=&raquo;5596&#8243; img_size=&raquo;large&raquo; alignment=&raquo;center&raquo; css=&raquo;.vc_custom_1676281758818{padding-top: 120px !important;}&raquo; el_id=&raquo;gtx&raquo;][\/vc_column][\/vc_row][vc_row][vc_column width=&raquo;1\/2&#8243;][vc_single_image image=&raquo;5574&#8243; img_size=&raquo;Full&raquo; alignment=&raquo;center&raquo; el_id=&raquo;holms&raquo;][\/vc_column][vc_column width=&raquo;1\/2&#8243;][vc_column_text]<\/p>\n<h3>Holms Attachments AB<\/h3>\n<p>&nbsp;<\/p>\n<p>Holms Attachments ble grunnlagt i 1927 i Motala. Navnet var da Holms Industri AB og form\u00e5let med selskapet var \u00e5 produsere og selge hestesko. Virksomheten gikk bra og i l\u00f8pet av 50-tallet utvidet Holms produktkatalogen med spader og spader. I dag tar vi for oss en annen form for m\u00e5king. V\u00e5re sn\u00f8br\u00f8yte- og veivedlikeholdsprodukter selges over hele verden og bidrar til \u00e5 holde veiene og byene v\u00e5re rene og trygge.<\/p>\n<p>Vi er stolte av historien v\u00e5r og ser med spenning frem til \u00e5 bli 100 \u00e5r og mer.<br \/>\nVi har mange spennende produkter \u00e5 lansere innen veivedlikehold de neste \u00e5rene.[\/vc_column_text][\/vc_column][\/vc_row][vc_row][vc_column width=&raquo;1\/2&#8243;][vc_column_text]<\/p>\n<h3>CEG Norway AS<\/h3>\n<p>&nbsp;<\/p>\n<p>V\u00e5r strategi er \u00e5 vokse med h\u00f8yere volum p\u00e5 v\u00e5re kjerneprodukter, samtidig som vi stadig s\u00f8ker nye produkter og markeder for ytterligere vekst. Tett oppf\u00f8lging sammen med produsenter, st\u00e5lleverand\u00f8rer og logistikkpartnere skal bidra til at Gjerstad forblir nr. 1. Gjerstad Products er i dag et selskap under Construction Equipment Group AS (cegroup.no) og sammen med s\u00f8sterselskaper skal vi skape Norden beste leverand\u00f8r av utstyr til b\u00e5de landbruk, bygg, anlegg og industri.<\/p>\n<p>V\u00e5re kunder stiller daglig krav til oss og veien videre er avhengig av at vi klarer \u00e5 svare p\u00e5 utfordringene. Det skal vi klare, for vi er:[\/vc_column_text][\/vc_column][vc_column width=&raquo;1\/2&#8243;][vc_single_image image=&raquo;5625&#8243; img_size=&raquo;large&raquo; alignment=&raquo;center&raquo; css=&raquo;.vc_custom_1676281741109{padding-top: 120px !important;}&raquo; el_id=&raquo;ceg&raquo;][\/vc_column][\/vc_row][vc_row][vc_column width=&raquo;1\/2&#8243;][vc_single_image image=&raquo;5584&#8243; img_size=&raquo;large&raquo; alignment=&raquo;center&raquo; css=&raquo;.vc_custom_1676282462844{padding-top: 120px !important;}&raquo; el_id=&raquo;paus&raquo;][\/vc_column][vc_column width=&raquo;1\/2&#8243;][vc_column_text]<\/p>\n<h3>Hermann Paus Maschinenfabrik GmbH<\/h3>\n<p>&nbsp;<\/p>\n<p>Hermann Paus Maschinenfabrik has been developing, designing and producing construction machines, industrial vehicles, lift technology vehicles, machines for underground mining and special vehicles at its Emsb\u00fcren location in Emsland, Germany for over 50 years. Paus solutions are as diverse as the requirements of the industries they&#8217;re used in. Always with the standard of providing the best customised quality vehicle and machine solutions for customers. Founded as a family-owned company for special vehicles by Hermann Paus in 1968, the company is currently operated under the leadership of Franz-Josef and Wolfgang Paus.<\/p>\n<p>[\/vc_column_text][\/vc_column][\/vc_row]<\/p>\n<\/section>","protected":false},"excerpt":{"rendered":"<p>[vc_row][vc_column][\/vc_column][\/vc_row][vc_row][vc_column width=&raquo;1\/5&#8243;][vc_single_image image=&raquo;5580&#8243; img_size=&raquo;full&raquo; alignment=&raquo;center&raquo; link=&raquo;https:\/\/nordvang.no\/?page_id=54#broddson&raquo; onclick=&raquo;custom_link&raquo;][\/vc_column][vc_column width=&raquo;1\/5&#8243;][vc_single_image image=&raquo;5596&#8243; img_size=&raquo;full&raquo; alignment=&raquo;center&raquo; link=&raquo;https:\/\/nordvang.no\/?page_id=54#gtx&raquo; onclick=&raquo;custom_link&raquo;][\/vc_column][vc_column width=&raquo;1\/5&#8243;][vc_single_image image=&raquo;5575&#8243; img_size=&raquo;full&raquo; alignment=&raquo;center&raquo; link=&raquo;https:\/\/nordvang.no\/?page_id=54#holms&raquo; onclick=&raquo;custom_link&raquo;][\/vc_column][vc_column width=&raquo;1\/5&#8243;][vc_single_image image=&raquo;5592&#8243; img_size=&raquo;full&raquo; alignment=&raquo;center&raquo; link=&raquo;https:\/\/nordvang.no\/?page_id=54#paus&raquo; onclick=&raquo;custom_link&raquo;][\/vc_column][vc_column width=&raquo;1\/5&#8243;][vc_single_image image=&raquo;5625&#8243; img_size=&raquo;full&raquo; alignment=&raquo;center&raquo; link=&raquo;https:\/\/nordvang.no\/?page_id=54#ceg&raquo; onclick=&raquo;custom_link&raquo;][\/vc_column][\/vc_row][vc_row][vc_column][\/vc_column][\/vc_row][vc_row][vc_column width=&raquo;1\/2&#8243;][vc_single_image image=&raquo;5580&#8243; img_size=&raquo;large&raquo; alignment=&raquo;center&raquo; css=&raquo;.vc_custom_1676281767869{padding-top: 120px !important;}&raquo; el_id=&raquo;broddson&raquo;][\/vc_column][vc_column width=&raquo;1\/2&#8243;][vc_column_text] Broddson &nbsp; Vi p\u00e5 Broddson \u00e4r den ledande akt\u00f6ren inom sopmaskiner och utrustning f\u00f6r v\u00e4gunderh\u00e5ll [&hellip;]<\/p>\n","protected":false},"author":1,"featured_media":0,"parent":636,"menu_order":0,"comment_status":"closed","ping_status":"closed","template":"","meta":[],"_links":{"self":[{"href":"https:\/\/nordvang.no\/index.php?rest_route=\/wp\/v2\/pages\/54"}],"collection":[{"href":"https:\/\/nordvang.no\/index.php?rest_route=\/wp\/v2\/pages"}],"about":[{"href":"https:\/\/nordvang.no\/index.php?rest_route=\/wp\/v2\/types\/page"}],"author":[{"embeddable":true,"href":"https:\/\/nordvang.no\/index.php?rest_route=\/wp\/v2\/users\/1"}],"replies":[{"embeddable":true,"href":"https:\/\/nordvang.no\/index.php?rest_route=%2Fwp%2Fv2%2Fcomments&post=54"}],"version-history":[{"count":16,"href":"https:\/\/nordvang.no\/index.php?rest_route=\/wp\/v2\/pages\/54\/revisions"}],"predecessor-version":[{"id":5735,"href":"https:\/\/nordvang.no\/index.php?rest_route=\/wp\/v2\/pages\/54\/revisions\/5735"}],"up":[{"embeddable":true,"href":"https:\/\/nordvang.no\/index.php?rest_route=\/wp\/v2\/pages\/636"}],"wp:attachment":[{"href":"https:\/\/nordvang.no\/index.php?rest_route=%2Fwp%2Fv2%2Fmedia&parent=54"}],"curies":[{"name":"wp","href":"https:\/\/api.w.org\/{rel}","templated":true}]}}